1
List the prime factors of 1195184.
2, 74699
List the prime factors of 493212.
2, 3, 23, 1787
What are the prime factors of 3362538?
2, 3, 103, 5441
What are the prime factors of 588279?
3, 157, 1249
What are the prime factors of 1940185?
5, 13, 19, 1571
List the prime factors of 2659193.
263, 10111
List the prime factors of 3798269.
113, 33613
List the prime factors of 12972879.
3, 160159
What are the prime factors of 739663?
137, 5399
What are the prime factors of 100157?
47, 2131
What are the prime factors of 46474?
2, 19, 1223
What are the prime factors of 3350878?
2, 19, 109, 809
List the prime factors of 47565.
3, 5, 7, 151
What are the prime factors of 15969582?
2, 3, 41, 7213
List the prime factors of 413153.
13, 61, 521
List the prime factors of 6032893.
1933, 3121
What are the prime factors of 641802?
2, 3, 7, 37, 59
What are the prime factors of 439037?
89, 4933
What are the prime factors of 18580091?
1087, 17093
What are the prime factors of 381398?
2, 190699
What are the prime factors of 269784?
2, 3, 1249
List the prime factors of 10757943.
3, 7, 170761
What are the prime factors of 474517?
31, 15307
What are the prime factors of 298653?
3, 99551
List the prime factors of 318475.
5, 12739
What are the prime factors of 4497342?
2, 3, 749557
What are the prime factors of 1017648?
2, 3, 37, 191
List the prime factors of 263747.
11, 23977
List the prime factors of 2050337.
2050337
What are the prime factors of 1271198?
2, 635599
List the prime factors of 428094.
2, 3, 17, 1399
List the prime factors of 20262065.
5, 31, 61, 2143
List the prime factors of 2755244.
2, 331, 2081
What are the prime factors of 6106411?
31, 281, 701
What are the prime factors of 24704?
2, 193
What are the prime factors of 8087352?
2, 3, 7, 13, 23
List the prime factors of 357045.
3, 5, 13, 1831
List the prime factors of 29072961.
3, 131, 24659
What are the prime factors of 1015462?
2, 7, 72533
What are the prime factors of 863051?
7, 139, 887
List the prime factors of 1360912.
2, 7, 29, 419
What are the prime factors of 748020?
2, 3, 5, 7, 13, 137
List the prime factors of 2033596.
2, 29, 47, 373
What are the prime factors of 14157681?
3, 4719227
What are the prime factors of 25289487?
3, 103, 27281
List the prime factors of 154246.
2, 233, 331
What are the prime factors of 1232638?
2, 11, 43, 1303
List the prime factors of 1782741.
3, 193, 3079
What are the prime factors of 879843?
3, 313, 937
What are the prime factors of 732565?
5, 146513
List the prime factors of 7027267.
13, 540559
List the prime factors of 1450557.
3, 53, 3041
List the prime factors of 247734.
2, 3, 13763
List the prime factors of 308655.
3, 5, 19
List the prime factors of 17827462.
2, 8913731
What are the prime factors of 5859208?
2, 47, 15583
What are the prime factors of 575056?
2, 127, 283
What are the prime factors of 840472?
2, 31, 3389
List the prime factors of 7181236.
2, 281, 6389
List the prime factors of 3530103.
3, 1176701
What are the prime factors of 1172941?
7, 11, 15233
List the prime factors of 727089.
3, 11, 2003
What are the prime factors of 22374795?
3, 5, 1491653
List the prime factors of 26904.
2, 3, 19, 59
List the prime factors of 11499697.
11, 1045427
List the prime factors of 33777268.
2, 7, 3517
List the prime factors of 1770897.
3, 719, 821
List the prime factors of 2838290.
2, 5, 7, 13, 3119
What are the prime factors of 7282235?
5, 137, 10631
List the prime factors of 125602.
2, 62801
List the prime factors of 3461311.
7, 70639
What are the prime factors of 4063741?
11, 29, 12739
List the prime factors of 552695.
5, 11, 13, 773
List the prime factors of 1094225.
5, 11, 23, 173
List the prime factors of 2710162.
2, 7, 13, 14891
List the prime factors of 4470314.
2, 311, 7187
List the prime factors of 4042949.
1129, 3581
What are the prime factors of 8425293?
3, 983, 2857
What are the prime factors of 255197?
255197
List the prime factors of 19761836.
2, 41, 2939
What are the prime factors of 69184?
2, 23, 47
What are the prime factors of 341796?
2, 3, 7, 13, 313
What are the prime factors of 1113219?
3, 37, 3343
List the prime factors of 561156.
2, 3, 101, 463
What are the prime factors of 8826039?
3, 293, 3347
List the prime factors of 839751.
3, 11, 25447
List the prime factors of 905749.
13, 19, 193
What are the prime factors of 130584?
2, 3, 5441
What are the prime factors of 25969779?
3, 11, 262321
What are the prime factors of 4845?
3, 5, 17, 19
List the prime factors of 15622632.
2, 3, 24109
What are the prime factors of 738998?
2, 13, 43, 661
List the prime factors of 7813980.
2, 3, 5, 43411
List the prime factors of 761123.
11, 69193
List the prime factors of 35979792.
2, 3, 53, 14143
What are the prime factors of 446985?
3, 5, 7, 11, 43
What are the prime factors of 637053?
3, 131, 1621
What are the prime factors of 337352?
2, 42169
List the prime factors of 186453.
3, 20717
What are the prime factors of 2903243?
7, 17, 31, 787
List the prime factors of 116114.
2, 58057
What are the prime factors of 280612?
2, 31, 73
What are the prime factors of 11230724?
2, 563, 4987
What are the prime factors of 2773359?
3, 101, 113
What are the prime factors of 2509275?
3, 5, 33457
What are the prime factors of 1662430?
2, 5, 7, 11, 17, 127
List the prime factors of 2467874.
2, 97, 12721
List the prime factors of 1305289.
1305289
List the prime factors of 697185.
3, 5, 15493
What are the prime factors of 23412202?
2, 11, 1064191
What are the prime factors of 2334746?
2, 17, 68669
List the prime factors of 99906.
2, 3, 16651
List the prime factors of 5500048.
2, 379, 907
List the prime factors of 1960733.
1960733
List the prime factors of 11994603.
3, 29, 137869
List the prime factors of 991837.
7, 11, 1171
List the prime factors of 29238.
2, 3, 11, 443
What are the prime factors of 542679?
3, 37, 4889
What are the prime factors of 827601?
3, 73, 3779
What are the prime factors of 229974?
2, 3, 38329
List the prime factors of 525387.
3, 175129
What are the prime factors of 287950?
2, 5, 13, 443
List the prime factors of 151851.
3, 7, 1033
What are the prime factors of 609286?
2, 304643
List the prime factors of 24020.
2, 5, 1201
What are the prime factors of 558859?
7, 29, 2753
What are the prime factors of 4663829?
739, 6311
List the prime factors of 17376141.
3, 101, 57347
What are the prime factors of 293752?
2, 73, 503
What are the prime factors of 2439302?
2, 1219651
What are the prime factors of 900397?
900397
List the prime factors of 197072.
2, 109, 113
What are the prime factors of 6609263?
6609263
What are the prime factors of 13777791?
3, 4592597
List the prime factors of 23813306.
2, 11, 97, 11159
What are the prime factors of 14972424?
2, 3, 623851
What are the prime factors of 23556066?
2, 3, 433, 9067
What are the prime factors of 2414625?
3, 5, 47, 137
List the prime factors of 330174.
2, 3, 13, 17, 83
What are the prime factors of 319645?
5, 63929
List the prime factors of 797032.
2, 67, 1487
List the prime factors of 935142.
2, 3, 13, 19, 631
What are the prime factors of 26117198?
2, 2557, 5107
What are the prime factors of 527890?
2, 5, 11, 4799
List the prime factors of 3732199.
307, 12157
What are the prime factors of 213285?
3, 5, 59, 241
List the prime factors of 72498.
2, 3, 43, 281
What are the prime factors of 276573?
3, 11, 17, 29
List the prime factors of 14749931.
7, 17, 17707
List the prime factors of 6069478.
2, 3034739
What are the prime factors of 9087?
3, 13, 233
What are the prime factors of 10452064?
2, 7, 29, 1609
What are the prime factors of 228660?
2, 3, 5, 37, 103
What are the prime factors of 1842921?
3, 23, 29, 307
List the prime factors of 9302217.
3, 3100739
What are the prime factors of 164932?
2, 41233
List the prime factors of 866067.
3, 288689
What are the prime factors of 971294?
2, 485647
What are the prime factors of 122800?
2, 5, 307
List the prime factors of 32675116.
2, 31, 101, 2609
List the prime factors of 1810666.
2, 11, 13, 487
List the prime factors of 333766.
2, 43, 3881
What are the prime factors of 1209873?
3, 7, 17, 3389
List the prime factors of 4850776.
2, 7, 19, 47, 97
What are the prime factors of 2224365?
3, 5, 11, 13, 17, 61
What are the prime factors of 439651?
83, 5297
List the pri